{"id":102,"date":"2017-04-15T15:38:28","date_gmt":"2017-04-15T13:38:28","guid":{"rendered":"https:\/\/www.amej.info\/?page_id=102"},"modified":"2025-04-11T16:45:43","modified_gmt":"2025-04-11T14:45:43","slug":"camps","status":"publish","type":"page","link":"https:\/\/www.amej.info\/index.php\/camps\/","title":{"rendered":"Camps"},"content":{"rendered":"\t\t<div id=\"d6e107a1-9fe1-4cf6-b7bb-2a91e70e942c\" class=\"wb-front wb-block wp-block-woodblocks-header color-red\">\n\t\t\t<div class=\"content\">\n\t\t\t\t<header>\n\t\t\t\t\t<div class=\"contact-us\">\n\t\t\t\t\t\t\t\t\t\t\t\t<div class=\"email\">\n\t\t\t\t\t\t\t<div class=\"label typo-title\">Contactez-nous<\/div>\n\t\t\t\t\t\t\t<a class=\"icon\" href=\"https:\/\/www.amej.info\/index.php\/lassociation\/contact\/\"><i class=\"fa fa-envelope\"><\/i><\/a>\n\t\t\t\t\t\t<\/div>\n\t\t\t\t\t\t\t\t\t\t\t\t<div class=\"social\">\n\t\t\t\t\t\t\t<div class=\"label typo-title\">Rejoingnez-nous<\/div>\n\t\t\t\t\t\t\t\t\t\t\t\t\t\t\t<a class=\"icon\" href=\"https:\/\/www.facebook.com\/amej.la.ravoire\" target=\"_blank\"><i class=\"fa fa-facebook-square\"><\/i><\/a>\n\t\t\t\t\t\t\t\t\t\t\t\t\t\t\t\t\t\t\t\t<\/div>\n\t\t\t\t\t\t\t\t\t\t\t\t<div style=\"clear: both;\"><\/div>\n\t\t\t\t\t<\/div>\n\t\t\t\t\t<div class=\"post-thumb\">\n\t\t\t\t\t\t\t\t\t\t\t\t\t<div class=\"post-thumb-content post-icon\">\n\t\t\t\t\t\t\t\t<i class=\"dashicons dashicons-admin-site\"><\/i>\n\t\t\t\t\t\t\t<\/div>\n\t\t\t\t\t\t\t\t\t\t\t\t<\/div>\n\t\t\t\t\t\t\t\t\t\t\t<h1 class=\"title\">\n\t\t\t\t\t\t\tCamps\t\t\t\t\t\t<\/h1>\n\t\t\t\t\t\t\t\t\t\t<\/header>\n\t\t\t\t<div class=\"text\">\n\t\t\t\t\t\t\t\t\t<\/div>\n\t\t\t<\/div>\n\t\t<\/div>\n\t\t\n\n\n<p>L&rsquo; AMEJ organise <strong>des s\u00e9jours de vacances type mini camps <\/strong>chaque \u00e9t\u00e9 ! <\/p>\n\n\n\n<p>Les mini-camps que nous proposons permettent \u00e0 l&rsquo;enfant de vivre plusieurs jours en dehors de leur foyer tout en pratiquant une ou plusieurs activit\u00e9s. Les objectifs p\u00e9dagogiques principaux sont d&rsquo;apprendre aux enfants et aux jeunes \u00e0 vivre ensemble, en acqu\u00e9rant une certaine autonomie.<\/p>\n\n\n\n<p><br>Les propositions de camps varient selon les destinations et\/ou les th\u00e9matiques (\u00e9quitation, multisports, Indiana Jones, &#8230;)<\/p>\n\n\n\n<p><br><strong>Les camps sont organis\u00e9s par des \u00e9quipes d&rsquo;animation recrut\u00e9es par l&rsquo;association.<\/strong><\/p>\n\n\n\n<p>Les activit\u00e9s sont pr\u00e9par\u00e9es avec divers partenaires qui proposent diff\u00e9rentes options. Nous veillons \u00e0 proposer un accueil et des activit\u00e9s de qualit\u00e9, dans le respect des capacit\u00e9s de chacun. Pour chaque s\u00e9jour, <strong>un projet p\u00e9dagogique adapt\u00e9 est r\u00e9alis\u00e9 par le\/la directeur\/rice du s\u00e9jour. <\/strong><\/p>\n\n\n\n<p><\/p>\n\n\n\n<p class=\"has-black-color has-text-color\">L\u2019inscription aux CAMPS se fait selon les conditions indiqu\u00e9es sur les programmes ci-dessous.<\/p>\n\n\n\n<p class=\"has-black-color has-text-color\">Aucune r\u00e9servation possible avant la date annonc\u00e9e.<\/p>\n\n\n\n<p class=\"has-black-color has-text-color\"><strong>Le r\u00e8glement vous sera demand\u00e9 lors de l\u2019inscription.<\/strong><\/p>\n\n\n\n<p class=\"has-black-color has-text-color\">Un courrier de confirmation rappelant les horaires, le d\u00e9roulement et l\u2019\u00e9quipement n\u00e9cessaire vous sera alors remis. <\/p>\n\n\n\n<p><\/p>\n\n\n\n<p><\/p>\n\n\n\n<p><\/p>\n\n\n\n<div style=\"height:27px\" aria-hidden=\"true\" class=\"wp-block-spacer\"><\/div>\n\n\n\n<h3 class=\"wp-block-heading has-vivid-cyan-blue-color has-text-color\"><a href=\"https:\/\/www.amej.info\/wp-content\/uploads\/2024\/05\/programme-stages-et-camps-ete-2024-new.pdf\" target=\"_blank\" rel=\"noreferrer noopener\">CAMP \u00c9T\u00c9 2024<\/a><\/h3>\n\n\n\n<p><\/p>\n\n\n\n<p class=\"has-vivid-cyan-blue-color has-text-color has-medium-font-size\"><\/p>\n\n\n\n<p><\/p>\n\n\n\n<p><\/p>\n\n\n<div class=\"wp-block-image\">\n<figure class=\"alignright size-large\"><img decoding=\"async\" src=\"https:\/\/www.amej.info\/wp-content\/uploads\/2020\/07\/logo-ministere-ville.jpg\" alt=\"\" class=\"wp-image-2303\"\/><\/figure>\n<\/div>\n\n\n<p>  <\/p>\n\n\n\n<div class=\"wp-block-media-text alignwide is-stacked-on-mobile is-vertically-aligned-center is-image-fill\" style=\"grid-template-columns:46% auto\"><figure class=\"wp-block-media-text__media\" style=\"background-image:url(https:\/\/www.amej.info\/wp-content\/uploads\/2023\/09\/WhatsApp-Image-2023-07-27-at-09.43.49.jpeg);background-position:50% 50%\"><img decoding=\"async\" src=\"https:\/\/www.amej.info\/wp-content\/uploads\/2023\/09\/WhatsApp-Image-2023-07-27-at-09.43.49.jpeg\" alt=\"\" class=\"wp-image-5022 size-full\"\/><\/figure><div class=\"wp-block-media-text__content\">\n<p class=\"has-medium-font-size\"><strong>Camp INDIANA JONES juillet 202<\/strong>3 <\/p>\n\n\n\n<p class=\"has-medium-font-size\">Entre randonn\u00e9es \u00e0 la cascade, Via Ferrata, et escalade, les enfants  appr\u00e9cient ce camp toutes les ann\u00e9es.<\/p>\n\n\n\n<p>Venez vous renseigner d\u00e8s le mois de mai pour l&rsquo;\u00e9t\u00e9 prochain !<\/p>\n\n\n\n<p><\/p>\n<\/div><\/div>\n\n\n\n<figure class=\"wp-block-pullquote has-luminous-vivid-orange-color has-text-color\"><blockquote><p>Partir quelques jours avec les copains et les copines, c&rsquo;est g\u00e9nial!<\/p><\/blockquote><\/figure>\n\n\n\n<p><\/p>\n","protected":false},"excerpt":{"rendered":"<p>L&rsquo; AMEJ organise des s\u00e9jours de vacances type mini camps [&hellip;]<\/p>\n","protected":false},"author":9,"featured_media":0,"parent":0,"menu_order":3,"comment_status":"closed","ping_status":"closed","template":"","meta":{"_amej_meta_icon":"dashicons dashicons-admin-site","_amej_meta_icon_color":"red","_amej_meta_image":0,"footnotes":""},"class_list":["post-102","page","type-page","status-publish","hentry"],"_links":{"self":[{"href":"https:\/\/www.amej.info\/index.php\/wp-json\/wp\/v2\/pages\/102","targetHints":{"allow":["GET"]}}],"collection":[{"href":"https:\/\/www.amej.info\/index.php\/wp-json\/wp\/v2\/pages"}],"about":[{"href":"https:\/\/www.amej.info\/index.php\/wp-json\/wp\/v2\/types\/page"}],"author":[{"embeddable":true,"href":"https:\/\/www.amej.info\/index.php\/wp-json\/wp\/v2\/users\/9"}],"replies":[{"embeddable":true,"href":"https:\/\/www.amej.info\/index.php\/wp-json\/wp\/v2\/comments?post=102"}],"version-history":[{"count":5,"href":"https:\/\/www.amej.info\/index.php\/wp-json\/wp\/v2\/pages\/102\/revisions"}],"predecessor-version":[{"id":5366,"href":"https:\/\/www.amej.info\/index.php\/wp-json\/wp\/v2\/pages\/102\/revisions\/5366"}],"wp:attachment":[{"href":"https:\/\/www.amej.info\/index.php\/wp-json\/wp\/v2\/media?parent=102"}],"curies":[{"name":"wp","href":"https:\/\/api.w.org\/{rel}","templated":true}]}}

<div id="d6e107a1-9fe1-4cf6-b7bb-2a91e70e942c" class="wb-front wb-block wp-block-woodblocks-header color-red">
			<div class="content">
				<header>
					<div class="contact-us">
												<div class="email">
							<div class="label typo-title">Contactez-nous</div>
							<a class="icon" href="https://www.amej.info/index.php/lassociation/contact/"><i class="fa fa-envelope"></i></a>
						</div>
												<div class="social">
							<div class="label typo-title">Rejoingnez-nous</div>
															<a class="icon" href="https://www.facebook.com/amej.la.ravoire" target="_blank"><i class="fa fa-facebook-square"></i></a>
																				</div>
												<div style="clear: both;"></div>
					</div>
					<div class="post-thumb">
													<div class="post-thumb-content post-icon">
								<i class="dashicons dashicons-admin-site"></i>
							</div>
												</div>
											<h1 class="title">
							Camps						</h1>
										</header>
				<div class="text">
									</div>
			</div>
		</div>
		


<p>L&rsquo; AMEJ organise <strong>des séjours de vacances type mini camps </strong>chaque été ! </p>



<p>Les mini-camps que nous proposons permettent à l&rsquo;enfant de vivre plusieurs jours en dehors de leur foyer tout en pratiquant une ou plusieurs activités. Les objectifs pédagogiques principaux sont d&rsquo;apprendre aux enfants et aux jeunes à vivre ensemble, en acquérant une certaine autonomie.</p>



<p><br>Les propositions de camps varient selon les destinations et/ou les thématiques (équitation, multisports, Indiana Jones, &#8230;)</p>



<p><br><strong>Les camps sont organisés par des équipes d&rsquo;animation recrutées par l&rsquo;association.</strong></p>



<p>Les activités sont préparées avec divers partenaires qui proposent différentes options. Nous veillons à proposer un accueil et des activités de qualité, dans le respect des capacités de chacun. Pour chaque séjour, <strong>un projet pédagogique adapté est réalisé par le/la directeur/rice du séjour. </strong></p>



<p></p>



<p class="has-black-color has-text-color">L’inscription aux CAMPS se fait selon les conditions indiquées sur les programmes ci-dessous.</p>



<p class="has-black-color has-text-color">Aucune réservation possible avant la date annoncée.</p>



<p class="has-black-color has-text-color"><strong>Le règlement vous sera demandé lors de l’inscription.</strong></p>



<p class="has-black-color has-text-color">Un courrier de confirmation rappelant les horaires, le déroulement et l’équipement nécessaire vous sera alors remis. </p>



<p></p>



<p></p>



<p></p>



<div style="height:27px" aria-hidden="true" class="wp-block-spacer"></div>



<h3 class="wp-block-heading has-vivid-cyan-blue-color has-text-color"><a href="https://www.amej.info/wp-content/uploads/2024/05/programme-stages-et-camps-ete-2024-new.pdf" target="_blank" rel="noreferrer noopener">CAMP ÉTÉ 2024</a></h3>



<p></p>



<p class="has-vivid-cyan-blue-color has-text-color has-medium-font-size"></p>



<p></p>



<p></p>


<div class="wp-block-image">
<figure class="alignright size-large"><img decoding="async" src="https://www.amej.info/wp-content/uploads/2020/07/logo-ministere-ville.jpg" alt="" class="wp-image-2303"/></figure>
</div>


<p>  </p>



<div class="wp-block-media-text alignwide is-stacked-on-mobile is-vertically-aligned-center is-image-fill" style="grid-template-columns:46% auto"><figure class="wp-block-media-text__media" style="background-image:url(https://www.amej.info/wp-content/uploads/2023/09/WhatsApp-Image-2023-07-27-at-09.43.49.jpeg);background-position:50% 50%"><img decoding="async" src="https://www.amej.info/wp-content/uploads/2023/09/WhatsApp-Image-2023-07-27-at-09.43.49.jpeg" alt="" class="wp-image-5022 size-full"/></figure><div class="wp-block-media-text__content">
<p class="has-medium-font-size"><strong>Camp INDIANA JONES juillet 202</strong>3 </p>



<p class="has-medium-font-size">Entre randonnées à la cascade, Via Ferrata, et escalade, les enfants  apprécient ce camp toutes les années.</p>



<p>Venez vous renseigner dès le mois de mai pour l&rsquo;été prochain !</p>



<p></p>
</div></div>



<figure class="wp-block-pullquote has-luminous-vivid-orange-color has-text-color"><blockquote><p>Partir quelques jours avec les copains et les copines, c&rsquo;est génial!</p></blockquote></figure>



<p></p>

<p>L&rsquo; AMEJ organise des séjours de vacances type mini camps [&hellip;]</p>
