{"id":683,"date":"2018-02-07T21:17:01","date_gmt":"2018-02-07T20:17:01","guid":{"rendered":"https:\/\/www.amej.info\/?page_id=683"},"modified":"2025-02-04T15:41:23","modified_gmt":"2025-02-04T14:41:23","slug":"point-relai-caf","status":"publish","type":"page","link":"https:\/\/www.amej.info\/index.php\/adultes\/aides-aux-habitants\/point-relai-caf\/","title":{"rendered":"FRANCE SERVICES"},"content":{"rendered":"\t\t<div id=\"3458fe9d-7738-4691-9521-6f64e1cd5868\" class=\"wb-front wb-block wp-block-woodblocks-header color-blue\">\n\t\t\t<div class=\"content\">\n\t\t\t\t<header>\n\t\t\t\t\t<div class=\"contact-us\">\n\t\t\t\t\t\t\t\t\t\t\t\t<div class=\"email\">\n\t\t\t\t\t\t\t<div class=\"label typo-title\">Contactez-nous<\/div>\n\t\t\t\t\t\t\t<a class=\"icon\" href=\"https:\/\/www.amej.info\/index.php\/lassociation\/contact\/\"><i class=\"fa fa-envelope\"><\/i><\/a>\n\t\t\t\t\t\t<\/div>\n\t\t\t\t\t\t\t\t\t\t\t\t<div class=\"social\">\n\t\t\t\t\t\t\t<div class=\"label typo-title\">Rejoingnez-nous<\/div>\n\t\t\t\t\t\t\t\t\t\t\t\t\t\t\t<a class=\"icon\" href=\"https:\/\/www.facebook.com\/amej.la.ravoire\" target=\"_blank\"><i class=\"fa fa-facebook-square\"><\/i><\/a>\n\t\t\t\t\t\t\t\t\t\t\t\t\t\t\t\t\t\t\t\t<\/div>\n\t\t\t\t\t\t\t\t\t\t\t\t<div style=\"clear: both;\"><\/div>\n\t\t\t\t\t<\/div>\n\t\t\t\t\t<div class=\"post-thumb\">\n\t\t\t\t\t\t\t\t\t\t\t<\/div>\n\t\t\t\t\t\t\t\t\t\t\t<h1 class=\"title\">\n\t\t\t\t\t\t\tFRANCE SERVICES\t\t\t\t\t\t<\/h1>\n\t\t\t\t\t\t\t\t\t\t<\/header>\n\t\t\t\t<div class=\"text\">\n\t\t\t\t\t\t\t\t\t<\/div>\n\t\t\t<\/div>\n\t\t<\/div>\n\t\t\n\n\n<p>Depuis 2016, l&rsquo;AMEJ \u00e9tait \u00ab\u00a0Point Relai CAF\u00a0\u00bb , puis, avec le constat d&rsquo;une demande des usagers pour l&rsquo;accompagnement dans des d\u00e9marches administratives diverses, l&rsquo;AMEJ ouvre France Services en septembre 2024.<\/p>\n\n\n\n<p>Les conseillers, ayant b\u00e9n\u00e9fici\u00e9 d&rsquo;une formation en lien avec les 11 partenaires du bouquet France Services (S\u00e9curit\u00e9 Sociale, CAF, MSA, France Titres, France Travail, Finances publiques, Assurance Retraite, La Poste, Ch\u00e8que Energie, Urssaf, et Point Justice), vous accompagnent dans vos d\u00e9marches administratives aupr\u00e8s des partenaires.<\/p>\n\n\n\n<p>Vous b\u00e9n\u00e9ficierez d&rsquo;une \u00e9coute personnalis\u00e9e et en toute confidentialit\u00e9.<\/p>\n\n\n\n<p>Nous proposons \u00e9galement de r\u00e9aliser vos d\u00e9marches en autonomie en mettant \u00e0 votre disposition un ordinateur et une imprimante.<\/p>\n\n\n\n<h5 class=\"wp-block-heading\">Comment ? O\u00f9 ? Avec qui ?<\/h5>\n\n\n\n<ul class=\"wp-block-list\">\n<li>Amandine, Emmanuel ou Emilie vous accompagnent dans vos d\u00e9marches administratives au quotidien.<\/li>\n\n\n\n<li>Avec ou sans RDV =&gt; <a href=\"https:\/\/www.amej.info\/wp-content\/uploads\/2025\/01\/Plaquette-France-services.pdf\" data-type=\"attachment\" data-id=\"5913\" target=\"_blank\" rel=\"noreferrer noopener\">horaires France Services<\/a><\/li>\n<\/ul>\n\n\n\n<p>N&rsquo;h\u00e9sitez pas \u00e0 venir nous rencontrer !<\/p>\n\n\n\n<div style=\"height:60px\" aria-hidden=\"true\" class=\"wp-block-spacer\"><\/div>\n","protected":false},"excerpt":{"rendered":"<p>Depuis 2016, l&rsquo;AMEJ \u00e9tait \u00ab\u00a0Point Relai CAF\u00a0\u00bb , puis, avec [&hellip;]<\/p>\n","protected":false},"author":9,"featured_media":0,"parent":1670,"menu_order":2,"comment_status":"closed","ping_status":"closed","template":"","meta":{"_amej_meta_icon":"","_amej_meta_icon_color":"blue","_amej_meta_image":684,"footnotes":""},"class_list":["post-683","page","type-page","status-publish","hentry"],"_links":{"self":[{"href":"https:\/\/www.amej.info\/index.php\/wp-json\/wp\/v2\/pages\/683","targetHints":{"allow":["GET"]}}],"collection":[{"href":"https:\/\/www.amej.info\/index.php\/wp-json\/wp\/v2\/pages"}],"about":[{"href":"https:\/\/www.amej.info\/index.php\/wp-json\/wp\/v2\/types\/page"}],"author":[{"embeddable":true,"href":"https:\/\/www.amej.info\/index.php\/wp-json\/wp\/v2\/users\/9"}],"replies":[{"embeddable":true,"href":"https:\/\/www.amej.info\/index.php\/wp-json\/wp\/v2\/comments?post=683"}],"version-history":[{"count":2,"href":"https:\/\/www.amej.info\/index.php\/wp-json\/wp\/v2\/pages\/683\/revisions"}],"predecessor-version":[{"id":5972,"href":"https:\/\/www.amej.info\/index.php\/wp-json\/wp\/v2\/pages\/683\/revisions\/5972"}],"up":[{"embeddable":true,"href":"https:\/\/www.amej.info\/index.php\/wp-json\/wp\/v2\/pages\/1670"}],"wp:attachment":[{"href":"https:\/\/www.amej.info\/index.php\/wp-json\/wp\/v2\/media?parent=683"}],"curies":[{"name":"wp","href":"https:\/\/api.w.org\/{rel}","templated":true}]}}

<div id="3458fe9d-7738-4691-9521-6f64e1cd5868" class="wb-front wb-block wp-block-woodblocks-header color-blue">
			<div class="content">
				<header>
					<div class="contact-us">
												<div class="email">
							<div class="label typo-title">Contactez-nous</div>
							<a class="icon" href="https://www.amej.info/index.php/lassociation/contact/"><i class="fa fa-envelope"></i></a>
						</div>
												<div class="social">
							<div class="label typo-title">Rejoingnez-nous</div>
															<a class="icon" href="https://www.facebook.com/amej.la.ravoire" target="_blank"><i class="fa fa-facebook-square"></i></a>
																				</div>
												<div style="clear: both;"></div>
					</div>
					<div class="post-thumb">
											</div>
											<h1 class="title">
							FRANCE SERVICES						</h1>
										</header>
				<div class="text">
									</div>
			</div>
		</div>
		


<p>Depuis 2016, l&rsquo;AMEJ était « Point Relai CAF » , puis, avec le constat d&rsquo;une demande des usagers pour l&rsquo;accompagnement dans des démarches administratives diverses, l&rsquo;AMEJ ouvre France Services en septembre 2024.</p>



<p>Les conseillers, ayant bénéficié d&rsquo;une formation en lien avec les 11 partenaires du bouquet France Services (Sécurité Sociale, CAF, MSA, France Titres, France Travail, Finances publiques, Assurance Retraite, La Poste, Chèque Energie, Urssaf, et Point Justice), vous accompagnent dans vos démarches administratives auprès des partenaires.</p>



<p>Vous bénéficierez d&rsquo;une écoute personnalisée et en toute confidentialité.</p>



<p>Nous proposons également de réaliser vos démarches en autonomie en mettant à votre disposition un ordinateur et une imprimante.</p>



<h5 class="wp-block-heading">Comment ? Où ? Avec qui ?</h5>



<ul class="wp-block-list">
<li>Amandine, Emmanuel ou Emilie vous accompagnent dans vos démarches administratives au quotidien.</li>



<li>Avec ou sans RDV =&gt; <a href="https://www.amej.info/wp-content/uploads/2025/01/Plaquette-France-services.pdf" data-type="attachment" data-id="5913" target="_blank" rel="noreferrer noopener">horaires France Services</a></li>
</ul>



<p>N&rsquo;hésitez pas à venir nous rencontrer !</p>



<div style="height:60px" aria-hidden="true" class="wp-block-spacer"></div>

<p>Depuis 2016, l&rsquo;AMEJ était « Point Relai CAF » , puis, avec [&hellip;]</p>
